 divisor of d and 78?
78
Let x(v) = -16*v + 14. Let j be x(-3). Calculate the highest common divisor of 93 and j.
31
Let b = 2 - 6. Suppose -4*k + 4*g - 4 = 0, -5*k + g - 5*g + 22 = 0. Let i be k/b - 111/(-2). What is the greatest common factor of i and 22?
11
Let s = 31 - -30. Suppose 5*x - 4*q = s, 0 = 3*x - 0*x + 4*q - 43. Suppose 4*l = 8, -3*m = -4*l - 34 + 3. What is the highest common factor of x and m?
13
Suppose 4*q - t + 5 = 19, 4*q - 20 = -2*t. Suppose q*i = -4 + 344. What is the highest common divisor of 34 and i?
17
Suppose -17*w + 23*w - 108 = 0. Calculate the greatest common divisor of 30 and w.
6
Let g be (-132)/(-28) - 4/(-14). Suppose 0 = r + g*i - 5 - 18, 3*i - 45 = -3*r. Let o = 18 - r. What is the highest common divisor of 1 and o?
1
Suppose g + 436 = 5*g + 2*t, -5*g = -t - 552. Suppose 2*m - 115 + 93 = 0. Calculate the highest common factor of g and m.
11
Let k be 0 + (-1 - 5)/(-1). Let i be 2 + 1 + 0 - -2. Let f be (4/i)/(k/360). What is the highest common factor of f and 12?
12
Let f be (-1 - 0)*4/(-4). Let q be (-24)/9*9/6. Let s be -12*q/(-6)*(-1)/2. Calculate the greatest common factor of f and s.
1
Let j be 170/(-15)*6/8*-16. Suppose -29 = -5*r + 11. Calculate the highest common factor of r and j.
8
Let b(u) = -21*u + 304. Let v be b(-19). What is the greatest common factor of v and 37?
37
Let g = 1834 - 1090. Calculate the highest common divisor of g and 62.
62
Let a = 18 - -75. Let k = a + -33. Let p = k + -12. Calculate the highest common divisor of 120 and p.
24
Let l be (-13)/(-3) - 7/21. Suppose 4*p - 45 = -3*z, l*z + 0*p - 4*p = 60. Suppose 4*q = -q + z. Calculate the greatest common divisor of q and 27.
3
Let u be (18/(-12))/((-2)/12). Suppose 10*d = u*d + 21. Suppose -4 = -5*v + d. What is the highest common factor of 35 and v?
5
Let a(m) = -m**3 - 17*m**2 + 18*m + 3. Let j be a(-18). Suppose j*o - 70 = o. What is the greatest common factor of o and 5?
5
Suppose -3*j + 220 = j. Let l = 100 - j. Calculate the highest common factor of l and 9.
9
Let y be (-1)/((-2)/(-6)) + -3. Let o be 4/y*87/2. Let i = o - -65. Calculate the greatest common divisor of i and 4.
4
Suppose 0 = -5*f + 54 + 21. Suppose -4*g - 98 = -274. Suppose 4*m - g = -u, 8 = 5*m - 2*u - 34. Calculate the greatest common divisor of m and f.
5
Suppose 110 = 4*l + 34. Let r = l - 10. Calculate the highest common divisor of 18 and r.
9
Let x(d) = -64*d. Let c(b) = -4*b**3 + 2*b**2 - b + 4. Let m be c(2). Let n = m + 20. Let o be x(n). What is the highest common factor of o and 16?
16
Let z = 2425 + -2385. What is the highest common factor of 85 and z?
5
Suppose 152 = d - 5*t, t + 458 = 3*d + 2. Let x be (d/(-4))/((-2)/(-13)). Let z = -49 - x. What is the greatest common factor of 18 and z?
18
Suppose -2*q + 232 = -77*h + 80*h, -232 = -2*q + h. What is the greatest common divisor of q and 58?
58
Suppose 0 = -8102*n + 8126*n - 576. Let l be 9 - (-1 - (-2)/1). What is the highest common divisor of n and l?
8
Let s(t) = t**3 - 3*t**2 - 7*t + 3. Let g be s(5). Suppose -242 - 226 = -4*q + 468. Calculate the highest common factor of q and g.
18
Suppose 0 = -2*x + 5*h + 14, -2*x + 0*h + 10 = -3*h. Suppose 2*q + t + 13 = 81, -x*t = 8. Calculate the greatest common factor of 144 and q.
36
Let q(m) = -2*m**3 - 3*m**2 - 10*m. Let d be q(-4). Calculate the highest common factor of d and 15.
15
Let l(a) = 22*a**2 + 175*a + 8. Let d be l(-8). Calculate the greatest common factor of d and 4496.
16
Suppose v - 1456 = -2*g, 2*g - v - 1472 = -6*v. What is the highest common factor of g and 66?
66
Let i be 394/1 - (-48)/((-72)/(-9)). What is the highest common divisor of i and 320?
80
Suppose 5*p + 4*v = -0*p + 18, 0 = 2*p + 4*v - 12. Suppose -4*q + 110 = -9*q. Let f = q + 24. What is the highest common divisor of p and f?
2
Let s(l) be the second derivative of -17*l**3/6 - 15*l**2/2 - l. Suppose -c - 126 = -121. Let d be s(c). What is the highest common divisor of d and 10?
10
Suppose -6*d + d - 3*y = 2, -2*d - 5*y - 16 = 0. Let v be (3 - 13)*((-2)/d + 0). Calculate the highest common divisor of 2 and v.
2
Let c be (2/(-2)*-5)/(5/220). What is the highest common divisor of 55 and c?
55
Let n = 83 - -223. Calculate the highest common factor of 6 and n.
6
Let t(c) = -c**3 - 27*c**2 - 26*c + 22. Let f be t(-26). Calculate the highest common divisor of f and 110.
22
Let l = 76 + -34. Suppose s - 5*h + 71 = 5*s, 0 = -2*s + 4*h + l. What is the greatest common factor of s and 95?
19
Let k = -21 - -18. Let q be (k - -6)/(4/76) + 1. Calculate the highest common divisor of q and 87.
29
Suppose 115 = -6*a + 145. Calculate the highest common factor of 205 and a.
5
Let n be (0 + -3 - (1 + -17))*3. Calculate the greatest common divisor of n and 533.
13
Let k be 4 + (-4 - -4) - -116. Suppose 0*t + 8*t - k = 0. Calculate the greatest common divisor of 45 and t.
15
Suppose 78 = 5*u - 2*u. Let l = -10 + u. Let v be (-1)/(30/l + -2). Calculate the highest common factor of 56 and v.
8
Suppose 10*a = -2*a + 4608. What is the greatest common factor of 72 and a?
24
Let n = -1 - -4. Suppose n*d - 8 = 4*j + 4*d, 4*d = 0. Let y(r) = -5*r**3 - r**2 - 2*r - 3. Let w be y(j). What is the highest common divisor of 148 and w?
37
Let j = -307 - -319. Calculate the highest common divisor of 12 and j.
12
Let q be (-1)/(42/12) + (-1186)/14. Let h = 133 + q. Calculate the greatest common factor of h and 120.
24
Let l(m) = -m + 15. Let n be l(13). Suppose c + 4*c = 0. Let z be -4 + 1 + c + 25. Calculate the highest common factor of n and z.
2
Let k = 3245 + -3175. Let f be (-14)/(-3) + (-2)/(-6). Calculate the greatest common factor of k and f.
5
Suppose 3 = r + 2*t - 3, 2*t = -6. Let v be 1*(3 + -3)/(-4). Suppose -5*y + 183 = 3*n, y - 2*n - 34 = -v*n. Calculate the highest common factor of y and r.
12
Suppose 6*x - 3*x + 335 = 5*n, -2*n + 134 = -5*x. Calculate the highest common factor of 335 and n.
67
Suppose 18*m = -11 + 3863. What is the greatest common factor of 107 and m?
107
Let n(y) = 9*y**2 - 5*y - 20. Let d be n(-4). Suppose 2 = -2*a + 38. Calculate the greatest common factor of a and d.
18
Let y be 257623/207 - (-4)/9. Calculate the highest common divisor of 15 and y.
15
Suppose -u + 4*d + 14 = 0, -34*d + 58 = 3*u - 30*d. What is the highest common divisor of u and 18?
18
Let t = 1393 + -1390. What is the highest common factor of t and 381?
3
Let h = 62 - -243. Let g = h - 98. Calculate the greatest common factor of g and 23.
23
Let u(y) = -2*y + 31. Let o be u(-30). Calculate the greatest common factor of 7 and o.
7
Suppose -5*z + u + 2474 = 0, -z + 2478 = 4*z - 2*u. What is the greatest common divisor of z and 76?
38
Let q be 2/((-10)/15) - -7. Let x be (19 - (-16)/q) + 3. What is the highest common factor of x and 182?
26
Let y = 1050 + -1026. What is the highest common divisor of y and 564?
12
Let d = -81 - -115. Suppose -126 = -r - d. Let l = r - 58. What is the highest common divisor of l and 17?
17
Let d(h) = h**3 + 14*h**2 - 14*h + 24. Let z be d(-12). Let f be z/8*(2 + (-14)/(-4)). What is the greatest common factor of 30 and f?
30
Let g(f) be the second derivative of -f**5/20 + 2*f**4/3 - f**3 + 2*f**2 - 8*f. Let v be g(6). What is the greatest common factor of 32 and v?
8
Suppose 56*z = -4*z + 1380. What is the highest common factor of z and 2783?
23
Suppose m - 440 = -3*w, 5*w - 6*m + 3*m = 738. What is the highest common divisor of w and 49?
49
Suppose 0 = 5*t + 5*p - 175, -p - 37 = -3*t + 2*t. Suppose -4*o - 2*i = -56, 0 = 4*o + 7*i - 4*i - 60. What is the highest common divisor of t and o?
12
Let l(z) = -z**3 + 13*z**2 + 15*z - 15. Let i be l(13). Suppose -7*r + i = 61. Calculate the greatest common factor of 34 and r.
17
Suppose -31 + 106 = 5*k. What is the highest common divisor of k and 195?
15
Suppose -3*m + 3*u = -345, 3*u = -2*m - 0*u + 235. What is the highest common divisor of m and 290?
58
Let y be ((-2)/1)/((-1)/(-4 - -22)). Let a(l) = -4 + 12 + 9*l - l**2 + 2. Let m be a(7). What is the highest common divisor of y and m?
12
Let t = -25283 - -25287. Suppose 2*u - 4 = u. What is the greatest common factor of u and t?
4
Suppose 14*y - 220 = 4*y. Calculate the highest common factor of 440 and y.
22
Suppose -2*z = 5*d - 82, 28*d = 3*z + 25*d - 144. Calculate the gr